
In base 3, what is 20002 - -20?
20022
In base 10, what is 186 + 4?
190
In base 16, what is -4f - -6?
-49
In base 6, what is 4 - -2130?
2134
In base 4, what is -1 - 3230?
-3231
In base 9, what is -1 - 3055?
-3056
In base 16, what is -9c46 + 3?
-9c43
In base 10, what is 5 - -31?
36
In base 2, what is 11 - 11000110?
-11000011
In base 14, what is -2 + -85?
-87
In base 11, what is 69 + -2?
67
In base 12, what is -6 + 62?
58
In base 11, what is 1509 - 2?
1507
In base 16, what is 20 + -24?
-4
In base 12, what is -2 - 225?
-227
In base 11, what is -38 - -2?
-36
In base 12, what is -4 + -8a?
-92
In base 11, what is 8 + -12a?
-122
In base 2, what is 100 - -100110?
101010
In base 16, what is 149 - -8?
151
In base 8, what is -37406 - 5?
-37413
In base 13, what is -972 + -2?
-974
In base 3, what is 1201 + -11?
1120
In base 3, what is -11112 + -10112?
-22001
In base 4, what is 121 + -10?
111
In base 13, what is -62a1 - -5?
-6299
In base 2, what is 11001101 - -101?
11010010
In base 5, what is 1423 + -33?
1340
In base 3, what is -12 + -12?
-101
In base 15, what is -b + -78?
-84
In base 15, what is 6 - -3a4?
3aa
In base 5, what is -411 + 1?
-410
In base 12, what is -3 - 2126?
-2129
In base 2, what is 1101011 - -100?
1101111
In base 10, what is -9 + -19?
-28
In base 7, what is -1 + -13?
-14
In base 13, what is 10 + 50?
60
In base 5, what is 20132 - -1?
20133
In base 14, what is -15 + a?
-9
In base 13, what is 2 + 4?
6
In base 10, what is 0 - -369?
369
In base 16, what is 0 + 2b?
2b
In base 16, what is 5 - 106?
-101
In base 12, what is 3 + -16?
-13
In base 9, what is 10 - -8?
18
In base 10, what is 1 + 3403?
3404
In base 16, what is 57 - 2?
55
In base 12, what is 430 - -a?
43a
In base 3, what is -1220 + 1100?
-120
In base 14, what is 19a7 - 0?
19a7
In base 2, what is -101110 + 11000?
-10110
In base 9, what is -5 - -164?
158
In base 6, what is -13513 + 3?
-13510
In base 16, what is 1c + 8?
24
In base 5, what is -10 - 114?
-124
In base 13, what is -936 - 1?
-937
In base 16, what is -16 + -c?
-22
In base 3, what is -11202 + 0?
-11202
In base 9, what is -5 + 457?
452
In base 11, what is 4 - -247a?
2483
In base 9, what is 715 + -1?
714
In base 12, what is -16 - -295?
27b
In base 6, what is -411 - 4?
-415
In base 11, what is -51 - -5?
-47
In base 10, what is 22 - 203?
-181
In base 9, what is -172 - 112?
-284
In base 8, what is -7 + -650?
-657
In base 13, what is -5 + 2?
-3
In base 10, what is 7 - -17?
24
In base 15, what is -145 - 4?
-149
In base 15, what is 1 + -51?
-50
In base 2, what is -101 - 1100011?
-1101000
In base 8, what is -3 - 17?
-22
In base 4, what is 0 + 1211?
1211
In base 9, what is -10 + 26?
16
In base 9, what is -2 - 443?
-445
In base 5, what is -134 - -4?
-130
In base 13, what is -1 - 8?
-9
In base 8, what is -1 + 142?
141
In base 14, what is -48a - -2?
-488
In base 13, what is -4 - 241?
-245
In base 6, what is 35024 - 3?
35021
In base 9, what is -25 + -58?
-84
In base 15, what is -5 + 25c?
257
In base 5, what is 3131 - 4?
3122
In base 9, what is 316 + 1?
317
In base 13, what is 107 - -3?
10a
In base 2, what is -10000 - -1101?
-11
In base 15, what is 5e + -6?
58
In base 11, what is -15 - 251?
-266
In base 10, what is -665 - 4?
-669
In base 9, what is 188 - -1?
200
In base 15, what is 3 - -bde?
be2
In base 12, what is -12 - -17?
5
In base 11, what is -457 + -18?
-474
In base 8, what is -345 - -7?
-336
In base 16, what is -f - -33?
24
In base 3, what is 2 + 10110?
10112
In base 15, what is -a3 - 3?
-a6
In base 11, what is -4 - -a45?
a41
In base 8, what is 2 + -2127?
-2125
In base 11, what is -316 + 2?
-314
In base 2, what is -1100 - 111011110001?
-111011111101
In base 11, what is 2a + a?
39
In base 10, what is 37 + -6?
31
In base 2, what is 0 - 10100000000?
-10100000000
In base 15, what is 10e + 3?
112
In base 9, what is 11 - 3?
7
In base 4, what is 311 - 10?
301
In base 3, what is 10 - -1010?
1020
In base 7, what is 40 + 33?
103
In base 16, what is -1f8 + -17?
-20f
In base 10, what is 5 - 331?
-326
In base 5, what is -3322 + -12?
-3334
In base 13, what is 5 - -50?
55
In base 12, what is -316 + 1?
-315
In base 8, what is 123 - -10?
133
In base 6, what is -5 - 4330?
-4335
In base 9, what is 215 + 3?
218
In base 2, what is 100 - 10110010?
-10101110
In base 12, what is 7 - 9?
-2
In base 16, what is a55 + -1?
a54
In base 15, what is 9 - -17?
21
In base 4, what is -332 + 1000?
2
In base 9, what is 2 - 113?
-111
In base 10, what is 4 + -4169?
-4165
In base 14, what is 4 + 1c?
22
In base 6, what is -31 + 24?
-3
In base 11, what is 0 + 1a3?
1a3
In base 3, what is -2 + -2121?
-2200
In base 10, what is -99 - 15?
-114
In base 4, what is 22 - -22?
110
In base 4, what is -1010132 - 2?
-1010200
In base 5, what is 31 + -3103?
-3022
In base 11, what is 2a3 - -23?
316
In base 7, what is -25 + -1406?
-1434
In base 14, what is 5 - -1d?
24
In base 16, what is -1c - 3a?
-56
In base 10, what is 590 + 36?
626
In base 7, what is -164 + 1?
-163
In base 6, what is -1150 + 1?
-1145
In base 14, what is 1c71 - -4?
1c75
In base 14, what is -2 - 100?
-102
In base 14, what is -7 - 8?
-11
In base 8, what is -22 + -141?
-163
In base 8, what is -20 - -40?
20
In base 5, what is -20312 + 1?
-20311
In base 4, what is -212020 - 10?
-212030
In base 11, what is -3 + -42?
-45
In base 15, what is 3c - -4b?
88
In base 8, what is -341 + 10?
-331
In base 3, what is -211120 + 2?
-211111
In base 11, what is 991 + -2?
98a
In base 9, what is 565 - -1?
566
In base 6, what is 4415 + -2?
4413
In base 8, what is 42 + 33?
75
In base 9, what is 2 - 4?
-2
In base 15, what is 9 - e1?
-d7
In base 13, what is 36 + 2?
38
In base 10, what is 1 - -22?
23
In base 10, what is 5 + -29?
-24
In base 6, what is 0 - -12?
12
In base 6, what is 403 + 3?
410
In base 15, what is b + -5e?
-53
In base 9, what is 1 - 1100?
-1088
In base 3, what is 122 + -10?
112
In base 4, what is -1113 - 1?
-1120
In base 2, what is 10001 - 1001?
1000
In base 6, what is -34 - -420?
342
In base 11, what is 4 + -5?
-1
In base 11, what is 9 - 1a?
-11
In base 14, what is 6 + -24b?
-245
In base 7, what is -14 + 45?
31
In base 4, what is -33 + 13221?
13122
In base 5, what is 112 + 3?
120
In base 9, what is 348 - -4?
353
In base 6, what is 1 + -20?
-15
In base 14, what is 0 - -38?
38
In base 15, what is 442 + 2?
444
In base 15, what is -16 - -8a?
74
In base 2, what is 10111 + 0?
10111
In base 5, what is 1 - -41330?
41331
In base 4, what is 131 + 2212?
3003
In base 4, what is 2 - -1110?
1112
In base 3, what is -101 - 22201?
-100002
In base 4, what is -12013 - 111?
-12130
In base 9, what is 1 + -135?
-134
In base 16, what is 8e - 6?
88
In base 9, what is 14 - 306?
-282
In base 3, what is -2 - 112?
-121
In base 5, what is 1030004 + -3?
1030001
In base 5, what is -101 - -1323?
1222
In base 15, what is -5 - 25a?
-260
In base 13, what is 6 - -14?
1a
In base 5, what is 124442 - -11?
130003
In base 11, what is -229 - -19?
-210
In base 7, what is 0 - -344?
344
In base 5, what is 11333 + -4?
11324
In base 9, what is -11 - -75?
64
In base 10, what is -133 - -1?
-132
In base 9, what is -5 - 2004?
-2010
In base 9, what is 3 + -135?
-132
In base 13, what is -5 + 149?
144
In base 8, what is -3 + -75?
-100
In base 12, what is -19 + -13b?
-158
In base 3, what is -111 - 2?
-120
In base 2, what is -11 + -1010011100?
-1010011111
In base 12, what is -1030 - -2?
-102a
In base 3, what is 1220121 - -12?
1220210
In base 15, what is -a15 + 8?
-a0c
In base 13, what is 1 + -2a?
-29
In base 5, what is -402 + 1?
-401
In base 8, what is -35 + 1?
-34
In base 5, what is -3 - -1202?
1144
In base 2, what is 100 + 1001100001?
1001100101
In base 13, what is -3 + -9b?
-a1
In base 13, what is a3 - -3?
a6
In base 4, what is -12223 - 10?
-12233
In base 10, what is -20 + -12?
-32
In base 4, what is 332332 - -11?
333003
In base 2, what is -1000101 - -101?
-1000000
In base 6, what is 1020 - 13?
1003
In base 16, what is -dd + 3?
-da
In base 14, what is 2702 + -3?
26dd
In base 12, what is -23a9 - -2?
-23a7
In base 12, what is 1 - 203?
-202
In base 8, what is 305 - -2?
307
In base 3, what is -110201121 - 10?
-110201201
In base 11, what is 8 + -8?
0
In base 6, what is -14 - 223?
-241
In base 3, what is -1202 + -11?
-1220
In base 6, what is 12420 + -4?
12412
In base 10, what is -14 + -2837?
-2